 j(t) = t**2 + 3037. Suppose -11*y = -9*y. Is j(y) a composite number?
False
Is 3027/(-2)*46/(-69) prime?
True
Let x(p) = 59*p**2 - 2*p + 55. Is x(-16) a composite number?
True
Suppose 8*x = 52 - 12. Suppose 3593 = 3*u + 53. Suppose -x*a + u = -a. Is a prime?
False
Let f = -8 - -9. Let k be f/(-2)*(-2)/(-1). Let a(b) = -201*b - 2. Is a(k) a composite number?
False
Let v(n) = 722*n**2 - 3*n + 35. Is v(-6) composite?
True
Let f(o) = -o + 1. Let u be f(1). Suppose -2*c - 2*c + 8388 = -2*t, u = 4*c - t - 8384. Is c composite?
True
Let u = 918 - 655. Is 12/6 - u/(-1) composite?
True
Let l = -3365 - -9144. Is l prime?
True
Let f = 6 + -5. Let y be (-3)/f*6/(-9). Suppose -2*j + y = -20. Is j a prime number?
True
Suppose -4*b + 3 - 7 = -v, 2*v = 4*b + 4. Suppose v = -f + 3*w + 1807, 8*f - 5365 = 5*f - 5*w. Is f a prime number?
False
Let r(a) = 36*a**2 + a - 16. Suppose -2*q = 2*q + 20. Is r(q) a prime number?
False
Suppose -35*t + 38*t + 111 = 0. Let r = -6 - t. Is r a prime number?
True
Suppose -10*r + 16*r = -1284. Let o = r - -1001. Is o a prime number?
True
Let r(d) = -4*d**3 - 12*d - 12*d**2 - 2 - 15 + 26 + 5*d. Is r(-12) prime?
False
Let s = -6333 - -19498. Is s composite?
True
Let w(t) = 69*t + 5. Let h be 21/12*-6*-2. Let m be 0 + 3 + h/7. Is w(m) composite?
False
Is ((-5)/((-105)/3493))/((-1)/(-3)) a composite number?
False
Let n(k) = 612*k**2 + 15*k + 32. Is n(11) a prime number?
False
Suppose 27*w - 19*w = 49976. Is w prime?
True
Suppose -2*v - v + 281 = 4*s, -5*v + 440 = s. Is 6/3 + v/3 a prime number?
True
Suppose -4*y = 3*b - 3*y - 587, -4*b - 5*y = -801. Is b prime?
False
Let d(c) = -15*c**3 - c**2 - 15*c + 5. Is d(-8) a prime number?
True
Suppose -3*r + 173 = 5*h - 4*h, -h = -4*r - 208. Is (h/16)/((1 + -4)/(-84)) a prime number?
False
Let b be 9 - (-4)/16*-4. Let h(y) = y**2 - y + 11. Is h(b) composite?
False
Suppose 6*r - r = -r. Suppose -8*n + r*n + 904 = 0. Is n composite?
False
Suppose -38*m + 22*m + 86224 = 0. Is m prime?
False
Suppose -11*u + 2463 = -4511. Is u a prime number?
False
Let o(k) = -5*k - 28. Let u be o(-5). Is (14/u)/((-4)/762) a prime number?
False
Suppose 6*h + 3*b + 23 = 2*h, -2*h + 3*b + 11 = 0. Let z(t) = -380*t - 4. Let i be z(h). Suppose 7*s = 1309 + i. Is s composite?
True
Let g = -11094 - -17093. Is g prime?
False
Let h be ((-5)/2 - -2)*-4. Suppose 3*w + h*w - 2110 = 3*b, 0 = w + b - 414. Is w a composite number?
False
Suppose -29 = -3*c - 8. Suppose -z + 4 = 4*g, 2*z - 3 = 4*g - c*g. Suppose -4*t - 20 = z, -244 + 17 = -4*w + 3*t. Is w a composite number?
False
Let z be (-119022)/(-18) + 1/(-3). Suppose -5*h + z = 2627. Is h a prime number?
True
Let p(v) = 9*v**2 + 4*v + 10. Let h = -40 - -32. Is p(h) composite?
True
Let w = 51528 + -36323. Is w a composite number?
True
Let s(q) = 41*q**2 - 13*q + 25. Is s(11) a prime number?
False
Is (-950)/(-80) - 12 - 36377/(-8) a prime number?
True
Let z(a) = -a**3 - 7*a**2 - 11*a - 10. Suppose -n - 5*w = 14, 5*n + w - 17 = -63. Is z(n) prime?
True
Let z = -5974 - -20091. Is z composite?
True
Suppose 2*w + 67 = 5*h, h + 2*w = 3*h - 22. Suppose y + h = 4*b, 3*b - 6 - 1 = 5*y. Is b prime?
False
Let u = 5997 + -3958. Is u prime?
True
Suppose -5*s - 10*s = -23145. Is s a composite number?
False
Suppose -5*u = -3*k + 78, -5*k - 3*u + 105 + 25 = 0. Let a = k + -23. Suppose a*m - 1670 = m. Is m a composite number?
True
Suppose 2*c = h - 32 + 3, c + 10 = 5*h. Let v = 200 + c. Is v composite?
True
Is (-273)/156 + (-210886)/(-8) prime?
False
Let w be 15765/9 - (-2)/(-3). Let p = 858 + w. Is p a composite number?
False
Let w(o) = -o**3 - 4*o**2 + 34*o + 5. Is w(-16) a composite number?
True
Suppose 109 - 1528 = -i - 4*f, 0 = -2*i - f + 2803. Is i prime?
True
Let y = -9751 + 29495. Suppose 5*z = o + y, -z + 2*o + 11845 = 2*z. Is z a prime number?
False
Let c = -279 - -702. Let j = c - 204. Is j a composite number?
True
Let m(s) = -s**3 + 22*s**2 - 17*s - 11. Is m(20) a prime number?
True
Suppose 5*f = 8*f + 4*n - 304, -3*n - 397 = -4*f. Suppose 59 = o - f. Is o a prime number?
False
Let l = 20748 + -5203. Is l a composite number?
True
Suppose 3*c + 2045 = 12326. Is c composite?
True
Let q = 2516 + 4071. Is q composite?
True
Suppose 3*s + 66675 = 3*b, -88936 = -4*b - 5*s - 0*s. Is b composite?
False
Let h be 1/(-2 - (0 + -3)). Let p be ((-32)/(-80))/(h/20). Let k = p - -407. Is k a prime number?
False
Suppose 3*f - f + 14 = 2*w, 5*w - f - 19 = 0. Let u(o) = -2*o - 7. Let v be u(-5). Suppose 0 = -v*g - w*g + 390. Is g prime?
False
Let s(k) = 143*k**2 + 63*k - 21. Is s(14) prime?
False
Let v(o) = 1188*o - 61. Is v(5) a prime number?
True
Suppose 6*o - 5561 - 2293 = 0. Let t = o - 722. Is t a composite number?
False
Is (1 + 0)/(17/444635) a composite number?
True
Let d(n) = 11*n - 7. Suppose -6*j + 11*j = 30. Let f(t) = t**3 - 7*t**2 + 5*t + 10. Let o be f(j). Is d(o) composite?
False
Let t(a) = 163*a - 49. Is t(8) a prime number?
False
Let f = 12 + -8. Suppose -6 - 32 = -r + f*s, 4*r - 197 = s. Suppose 0 = d + r - 939. Is d a composite number?
True
Let w be (1 + -3 + -3107)/(-1). Suppose -2478 = -4*y - 3*k, 5*y = -0*k + 2*k + w. Suppose s + 2*x = -0*x + y, 5*s - 4*x = 3175. Is s prime?
True
Suppose 30*g - 167398 = 16*g. Is g a prime number?
False
Let z(u) = 7*u**3 + 6*u**2 - 12*u + 12. Suppose -2*t + 0*t - 10 = -4*h, -10 = -4*t + 2*h. Is z(t) a prime number?
True
Suppose 5383 = 2*i - 15919. Is i composite?
False
Suppose 0 = 4*v - 0*v - 3*f - 10660, 5*f = -20. Suppose -5*u + v = -5443. Is u a prime number?
True
Let b(u) = 733*u**3 - u**2 + 1. Let j be b(-1). Let w = j + 1068. Is w prime?
False
Let r(d) = -d**3 + 6*d**2 - 7*d - 3. Let s be r(4). Is (-270)/(-14) - -4*s/(-14) composite?
False
Suppose -13*w - 56665 = -20*w. Suppose 0 = 2*q + 3*q - w. Is q a prime number?
True
Is -1*(-6470)/30*15 composite?
True
Let f(x) = 0*x + x**3 - 4*x + 13*x**2 + 7 + 0*x + 3*x. Is f(-6) prime?
False
Suppose 1483264 = 34*j - 15082. Is j prime?
False
Suppose 5*u = q + 3*q + 2899, 0 = -3*u - q + 1736. Suppose 7*g - 2921 = 7355. Let t = g - u. Is t a prime number?
False
Suppose -43*s + 30*s + 616967 = 0. Is s prime?
True
Suppose 2724 = s + 4*u - 4141, 4*s - 4*u = 27460. Is s a composite number?
True
Suppose -88 = -a - 3*r + 10290, -4*a = -4*r - 41464. Is a composite?
False
Let r(g) = -22*g - 11. Let v(o) = 14 - 13 + 0*o - o. Let n(h) = r(h) + 4*v(h). Is n(-6) composite?
False
Let g = 9 + -7. Suppose -g + 0 = 2*u. Let p(t) = -389*t**3 - t**2 - 3*t - 2. Is p(u) a composite number?
False
Let y = -205 + -21. Suppose -3*s - 4*u + 35 = -3, -5*s + 2*u + 46 = 0. Is 25/s*y/(-5) composite?
False
Let l(y) = -19*y**3 + 5*y**2 + 4. Let p be l(4). Let t = p - -1895. Is t prime?
False
Let d(i) = -5*i + 13. Let l be (-1)/(-1) + (9 - 16). Is d(l) composite?
False
Let t = -14 - -29. Let k be (-568)/26 - (-3)/((-117)/6). Let y = t - k. Is y a prime number?
True
Let z(s) = -s**2 + 17*s + 7. Let h be 39/(-12)*1*-4. Is z(h) a composite number?
False
Let z = -18 + 20. Let l be (-60)/(-36) - z/(-6). Is 1/(-1*l/(-172)) composite?
True
Let v(h) = -3*h**3 - 29*h**2 + 33*h + 55. Is v(-16) prime?
True
Let d(z) = -4*z**3 + 4*z**2 - 17. Is d(-6) a prime number?
True
Let v(x) = x**2 - 2*x + 4. Let w(k) = -k - 9. Let b = -6 - -6. Let o be w(b). Is v(o) a prime number?
True
Let s(f) = -469*f + 55. Is s(-4) a composite number?
False
Let z(p) = -p + 11. Let w be z(11). Suppose -3*h - 119 + 563 = w. Let x = -97 + h. Is x composite?
True
Suppose -9*n = -13*n - 2*v + 8926, 2232 = n + v. Is n a composite number?
True
Let h(x) = -870*x - 31. Is h(-3) a prime number?
True
Let a(u) = 6*u**2 - 19*u - 9. Suppose 0 = -7*w + 12 - 124. Is a(w) prime?
True
Let k = 20122 + -12605. Is k prime?
True
Suppose 13*n + 4*n - 209117 = 0. Is n a composite number?
False
Let k be 2/(-8) + 54/(-8). Let z(o) be the first derivative of 2*o**3/3 - 9*o**2/2 - 6*o - 33. Is z(k) a prime number?
False
Let j(v) = -7*v**3 - 5*v**2 + 33*v - 9. Is j(-8) prime?
False
Suppose 2*w - 3*w + z = -66, -197 = -3*w + 4*z. Let x = 12 + w. Let s = -26 + x. Is s a prime number?
True
Let r(l) = -769*l**3 - 9*l - 1. Is r(-3) a composite number?
False
Is 0 - ((-1676)/6)/(14/105) a composite number?
True
Suppose 4*w - 4*y - 85032 = 0, -4*w + 2*y + 85034 = -0*w. Is w a prime number?
False
L